l + 276 = -256. What are the prime factors of l?
2, 19
Suppose -5*j = -33*c + 38*c - 1340, -4*c + 1342 = 5*j. List the prime factors of j.
2, 3, 5
Suppose -6 - 8 = -2*t. Suppose -9*f = -6*f - 2*r - 63, 4*r = -5*f + 105. Let s = f + t. What are the prime factors of s?
2, 7
Let i(h) = 2*h - 1. Let s be i(0). Let z be (-2703)/(-17)*s/(-3). Suppose 8 = -3*j + z. List the prime factors of j.
3, 5
Suppose g = -0*g - 1. Let a be (3*g)/((-6)/(-6)). List the prime factors of -3 - a/((-6)/(-40)).
17
Let c = -88 + 37. Let j be 3/(2 - c/(-27)). What are the prime factors of 1005/j - (-2)/(-9)?
37
Let c = -62 - -40. What are the prime factors of 1545/9 - c/(-33)?
3, 19
Let h be (20/(-80))/(2/(-16)). Suppose 0 = -h*a + a + 225. Suppose 0 = 14*g - 9*g - a. List the prime factors of g.
3, 5
Let m(z) = z**2 + 11*z + 8. Suppose 1 = l + 12. Let b be m(l). List the prime factors of b/(-3)*156/(-8).
2, 13
Let a(d) = d**3 - 8*d**2 + 8*d - 4. Suppose 4 = -2*z + 18. Let w be a(z). Suppose c + 4*p = -4 + 37, 4*p - 67 = -w*c. List the prime factors of c.
17
What are the prime factors of 1548 + 0 + 7 + -4 + 5?
2, 389
Suppose 4*q = i + 5 + 4, -q = 2*i + 36. Let b = 4 - i. What are the prime factors of b?
3, 7
Let p be ((-9)/15 + -1)*200/(-16). Let w = -38 + 63. Suppose -w = -5*t + p. What are the prime factors of t?
3
Let h be 10/(-40) + (-45)/(-4). Let q(w) = w**3 - 11*w**2 + w. Let x be q(h). Let f = x + 2. List the prime factors of f.
13
Suppose 2*k = d - 2*k + 1174, -d = -k + 1168. Suppose 29*i - 31*i - 2*u = -8, 3*i - 5*u - 28 = 0. What are the prime factors of d/(-26) - i/(-39)?
3, 5
Let x be 2/5 + 798/5. Suppose -4*y + x = -488. Suppose -y = -3*i - a - 2*a, -5*i + 243 = -4*a. What are the prime factors of i?
3, 17
Let f(q) = q**3 + 6*q**2 - q - 2. Let n be f(-6). Suppose 2*b - 685 = -3*b - 2*u, -4*b + 525 = -3*u. Suppose -n*l + b = l. List the prime factors of l.
3
Let y = -17 + 26. Suppose 0*t - y = -3*t. Suppose 20 = t*h + h. What are the prime factors of h?
5
Let p(k) = -k + 1. Let j(z) = -6*z - 1. Let a(b) = 3*j(b) + 6*p(b). Let n be (4/(-28))/(8/28)*2. What are the prime factors of a(n)?
3
Suppose 4*i = k - 3759, 5*k - i - 15310 - 3428 = 0. What are the prime factors of k?
3, 1249
Suppose 560 = 3*u + 2*u. Suppose 0 = 2*w + 4*v - 30, -v + 4 = -0. Suppose -w*y + u = -3*y. What are the prime factors of y?
2, 7
Let v(z) = 512*z + 33. What are the prime factors of v(2)?
7, 151
Let d be -4 - 16/12*-3. Suppose 3*m + 4*x - 5 - 161 = d, 0 = -4*m - 3*x + 219. What are the prime factors of m?
2, 3
Let u be (8/6)/((-2)/(-6)). Suppose -x - o = -75, -393 = -x - u*x + 4*o. List the prime factors of x.
7, 11
Let p(i) = 7*i**3 - 3*i**2 + 3*i - 1. Suppose -4*g + 143 = -0*h + 3*h, 4*h + 136 = 4*g. Let j = g - 33. List the prime factors of p(j).
7
Let s be 84/(-70) - 2/(-10). Let j be s/(14/8 - 2). Suppose -t - 18 = -j*t. What are the prime factors of t?
2, 3
Suppose q - 9 = 2*q + 4*x, -q = -4*x - 15. Suppose -159 = -q*n - 0*n. What are the prime factors of n?
53
List the prime factors of 392 - (-16)/(4 - 8).
2, 97
Suppose 6*c - 2035 - 293 = 0. List the prime factors of c.
2, 97
Suppose -174*t = -178*t + 1768. List the prime factors of t.
2, 13, 17
Let p(l) = -24*l + 63. List the prime factors of p(-23).
3, 5, 41
Let r be 2/8*20/5. Let s be (10/(2/r))/1. Suppose -4*t = -s*x + 29, t = -2*x + 4*x - 14. List the prime factors of x.
3
List the prime factors of (90/(-40))/(9/(-1812)).
3, 151
Suppose o - 5 = 0, -o = 5*y + 4*o - 65. List the prime factors of y - (-3 - 5/5).
2, 3
Suppose 0 = -4*s - 11*s + 195. Suppose s = -2*d + 63. List the prime factors of d.
5
Suppose 2*d + 4231 = -2*i + 5*i, 0 = 2*i + 4*d - 2826. What are the prime factors of i?
17, 83
Let m = 39 + -35. Suppose m + 0 = 4*o, 2*b - o = 205. What are the prime factors of b?
103
Suppose -63860 = -89*n + 27*n. List the prime factors of n.
2, 5, 103
Suppose -61*i = -55*i - 12624. What are the prime factors of i?
2, 263
Suppose -3*c - 3*x = -1011, 315 + 379 = 2*c - 2*x. Suppose -26*o + c = -23*o. What are the prime factors of o?
2, 3, 19
Let k be (-4 + (-1 - -4))*-5. Suppose -2*r + 15 = r. Suppose 3*z - 153 = m, -r*z + 2*m - k*m + 255 = 0. List the prime factors of z.
3, 17
Let x = 8248 - 4387. What are the prime factors of x?
3, 11, 13
Let y(c) = 22*c + 5 + 14 + 2. List the prime factors of y(4).
109
Suppose 0 = -0*n - 2*n. Suppose 767*r - 758*r = 522. Suppose 2*a + 0*a - r = 4*f, 5*a + f - 90 = n. What are the prime factors of a?
19
Suppose f + 2*f = 558. Suppose -2*j = j - f. List the prime factors of j.
2, 31
Let o(h) = -4*h + 5. What are the prime factors of o(-20)?
5, 17
Suppose -4*s = 4*f - 116, s + s = -3*f + 58. What are the prime factors of s?
29
Let u be (-2)/3 + (-191)/(-3). Suppose -10*z + 7*z + u = 0. List the prime factors of z.
3, 7
What are the prime factors of (-4 + (0/5)/(-1))*-62?
2, 31
Let m = 8 + -6. Suppose -4*t = -m*t - 16. Let p = t + 4. List the prime factors of p.
2, 3
Let t(j) = 8*j**2 + 6*j - 5. Let l be 6/(-6)*8/(-2). What are the prime factors of t(l)?
3, 7
Let m(l) = -1 - 2*l - 3*l + 0*l. Suppose -5*r - 19 = 4*z, -5*z + 0*r + r = 31. List the prime factors of m(z).
29
Suppose j = 4, 691 - 4309 = -2*f - 2*j. What are the prime factors of f?
5, 19
What are the prime factors of 61828/16 + (7 - (-231)/(-28))?
3863
Suppose -3*c - s - 7 = 0, -c + 6*c + s = -11. Let a(w) = 48*w**2 + 2*w + 1. Let b be a(c). Suppose b = -o + 4*o. List the prime factors of o.
3, 7
Let k = -163 + 88. Let p = -24 - k. List the prime factors of p.
3, 17
Let d(x) = -x**3 + 5*x**2 + 13*x - 11. What are the prime factors of d(-6)?
307
Let w be 4*1/(-1 + 3). Let b(a) = 26*a - 2. Let x be b(w). Suppose 58 = 4*i - x. What are the prime factors of i?
3
Let n = 35 - 31. Suppose h - 331 = -n*l, 0*h = h + 1. What are the prime factors of l?
83
What are the prime factors of -7 + 1 + 4 - -703?
701
Suppose 0 = -5*r - m + 1347, -4*m = -5*r - 2*m + 1356. List the prime factors of r.
2, 3, 5
Suppose 5*h = d + 8, -3*h + 5*h = -4*d + 12. Suppose -d*m + 12 = m. List the prime factors of m.
2
Suppose -3*m + 3*t + 18737 = t, -m = -10*t - 6255. What are the prime factors of m?
5, 1249
Suppose 0 = 12*a + 2159 - 13679. List the prime factors of a.
2, 3, 5
Let x(p) be the third derivative of -p**5/60 - p**4/4 - 5*p**3/6 - 2*p**2. Let m be x(-4). Suppose -4*b + m*b + 30 = 0. List the prime factors of b.
2, 3, 5
Let n(a) = a**3 + 5*a - 2. Let g be n(4). Suppose 168 = 3*q - 2*r, -4*q + 142 = r - g. Suppose 3*o + q = 7*o. What are the prime factors of o?
2, 7
Let j = -93 - -183. Suppose -5*v + 108 = -4*b, -j = -5*v - b - 4*b. Suppose t + v = 5*t. List the prime factors of t.
5
Let v(h) = -235*h + 100. What are the prime factors of v(-19)?
5, 11, 83
Suppose 0 = -5*y + 28*y - 12489. What are the prime factors of y?
3, 181
Let h = 1103 + -650. List the prime factors of h.
3, 151
Let f = 144 + -94. Suppose -f = -q + 86. List the prime factors of q.
2, 17
Suppose 0 = 33*o - 35*o + 432. What are the prime factors of o?
2, 3
Let b(r) = r**3 - r**2 + 5*r + 74. List the prime factors of b(0).
2, 37
Suppose -2*q - 4*c + 3*c = -47, -3*q + 3*c = -57. Let w be 3 - 1/1 - q. What are the prime factors of 86/8 + (-5)/w?
11
Suppose -2*w - y + 968 = y, -5*y - 2390 = -5*w. Suppose -t - 4*t = -z - 473, 5*t - w = -3*z. List the prime factors of (1 + -3)/((-10)/t).
19
Suppose 3*r - 18 = -3. Suppose 11*t + 8 = 41. Suppose -r*f + t*y + 196 = 0, -154 = -4*f - 0*y + y. What are the prime factors of f?
2, 19
Let s(b) = -2*b**3 + 66*b**2 + 13*b + 17. List the prime factors of s(33).
2, 223
Let o(b) = -202*b - 4. Let l be 19/19 + -1 + -10. Let s be o(l). What are the prime factors of s/30 + 3/(-15)?
67
Suppose 15 = q - 4*s - 16, q + s - 46 = 0. Let h = -19 + q. What are the prime factors of h?
2, 3
Let g = -8 - -22. Suppose -3*r + 18*r - 420 = 0. Let j = r + g. List the prime factors of j.
2, 3, 7
Let h be (-99 + 0)*(-10)/6. Let g = 560 - 329. Suppose -h = -6*d + g. List the prime factors of d.
2, 3, 11
Suppose -z = -6 + 7. Let r(v) = -67*v**3 + 2*v + 2. What are the prime factors of r(z)?
67
Suppose 0 = i - 0*v + 4*v, 5*v + 25 = 5*i. Let a be (i/(-6))/(16/(-216)). Suppose -f + 14 = a. List the prime factors of f.
5
Suppose -5*a = -5613 - 3802. List the prime factors of a.